 of 5691?
1
What is the hundreds digit of 22532?
5
What is the ten thousands digit of 32992?
3
What is the tens digit of 46?
4
What is the units digit of 19199?
9
What is the hundreds digit of 103453?
4
What is the hundreds digit of 33345?
3
What is the ten thousands digit of 15351?
1
What is the units digit of 100303?
3
What is the thousands digit of 46898?
6
What is the tens digit of 836?
3
What is the hundreds digit of 1367?
3
What is the ten thousands digit of 15338?
1
What is the thousands digit of 78102?
8
What is the units digit of 10942?
2
What is the units digit of 78?
8
What is the tens digit of 1098?
9
What is the units digit of 122513?
3
What is the hundreds digit of 1915?
9
What is the units digit of 1277?
7
What is the tens digit of 632?
3
What is the thousands digit of 43317?
3
What is the ten thousands digit of 42962?
4
What is the hundreds digit of 244?
2
What is the thousands digit of 1350?
1
What is the tens digit of 10684?
8
What is the thousands digit of 3251?
3
What is the hundreds digit of 860?
8
What is the tens digit of 1994?
9
What is the hundreds digit of 958?
9
What is the ten thousands digit of 27257?
2
What is the units digit of 917?
7
What is the thousands digit of 3037?
3
What is the hundreds digit of 94121?
1
What is the tens digit of 2953?
5
What is the thousands digit of 124529?
4
What is the ten thousands digit of 64102?
6
What is the ten thousands digit of 27229?
2
What is the units digit of 6807?
7
What is the ten thousands digit of 34599?
3
What is the thousands digit of 1079?
1
What is the thousands digit of 1557?
1
What is the units digit of 8048?
8
What is the thousands digit of 6437?
6
What is the units digit of 911?
1
What is the ten thousands digit of 113025?
1
What is the units digit of 1098?
8
What is the ten thousands digit of 10046?
1
What is the thousands digit of 1195?
1
What is the thousands digit of 7969?
7
What is the hundreds digit of 8916?
9
What is the units digit of 210?
0
What is the tens digit of 3064?
6
What is the thousands digit of 56296?
6
What is the hundreds digit of 6123?
1
What is the units digit of 1830?
0
What is the tens digit of 16479?
7
What is the tens digit of 1072?
7
What is the hundreds digit of 56851?
8
What is the thousands digit of 2462?
2
What is the hundreds digit of 2546?
5
What is the hundreds digit of 3670?
6
What is the tens digit of 6184?
8
What is the units digit of 1678?
8
What is the hundreds digit of 1716?
7
What is the hundreds digit of 737?
7
What is the tens digit of 1311?
1
What is the units digit of 24786?
6
What is the units digit of 2710?
0
What is the ten thousands digit of 20665?
2
What is the thousands digit of 5192?
5
What is the hundreds digit of 1953?
9
What is the tens digit of 900?
0
What is the hundred thousands digit of 113849?
1
What is the thousands digit of 4097?
4
What is the thousands digit of 61067?
1
What is the thousands digit of 13194?
3
What is the ten thousands digit of 34357?
3
What is the ten thousands digit of 63117?
6
What is the units digit of 1977?
7
What is the thousands digit of 44323?
4
What is the ten thousands digit of 50483?
5
What is the tens digit of 703?
0
What is the units digit of 640?
0
What is the tens digit of 70383?
8
What is the units digit of 714?
4
What is the hundreds digit of 53769?
7
What is the units digit of 2552?
2
What is the hundreds digit of 5453?
4
What is the thousands digit of 1358?
1
What is the units digit of 1370?
0
What is the ten thousands digit of 10081?
1
What is the tens digit of 3184?
8
What is the ten thousands digit of 20607?
2
What is the hundreds digit of 21255?
2
What is the units digit of 549?
9
What is the units digit of 8820?
0
What is the thousands digit of 34812?
4
What is the hundreds digit of 2329?
3
What is the units digit of 711?
1
What is the tens digit of 1172?
7
What is the tens digit of 107232?
3
What is the tens digit of 662?
6
What is the tens digit of 1491?
9
What is the tens digit of 53259?
5
What is the ten thousands digit of 55568?
5
What is the tens digit of 44280?
8
What is the units digit of 1028?
8
What is the units digit of 47765?
5
What is the units digit of 895?
5
What is the thousands digit of 14017?
4
What is the units digit of 1989?
9
What is the thousands digit of 2180?
2
What is the thousands digit of 8544?
8
What is the thousands digit of 3416?
3
What is the units digit of 4588?
8
What is the units digit of 18776?
6
What is the tens digit of 40632?
3
What is the hundreds digit of 23451?
4
What is the hundreds digit of 2315?
3
What is the hundreds digit of 5294?
2
What is the thousands digit of 2336?
2
What is the tens digit of 1024?
2
What is the tens digit of 4657?
5
What is the tens digit of 964?
6
What is the thousands digit of 9409?
9
What is the tens digit of 6300?
0
What is the tens digit of 9676?
7
What is the hundred thousands digit of 101315?
1
What is the hundreds digit of 2231?
2
What is the hundreds digit of 628?
6
What is the hundreds digit of 6473?
4
What is the thousands digit of 3333?
3
What is the units digit of 21891?
1
What is the hundreds digit of 2115?
1
What is the thousands digit of 42656?
2
What is the thousands digit of 7137?
7
What is the hundreds digit of 710?
7
What is the tens digit of 635?
3
What is the thousands digit of 1548?
1
What is the hundreds digit of 653?
6
What is the ten thousands digit of 123161?
2
What is the hundreds digit of 23623?
6
What is the tens digit of 88821?
2
What is the hundreds digit of 842?
8
What is the thousands digit of 16467?
6
What is the thousands digit of 15915?
5
What is the hundreds digit of 8745?
7
What is the units digit of 40585?
5
What is the tens digit of 3906?
0
What is the units digit of 17279?
9
What is the hundreds digit of 973?
9
What is the units digit of 106725?
5
What is the hundreds digit of 80747?
7
What is the thousands digit of 14092?
4
What is the ten thousands digit of 29463?
2
What is the thousands digit of 4687?
4
What is the hundred thousands digit of 108107?
1
What is the ten thousands digit of 103979?
0
What is the thousands digit of 8634?
8
What is the thousands digit of 13255?
3
What is the thousands digit of 4329?
4
What is the hundreds digit of 296?
2
What is the units digit of 15336?
6
What is the thousands digit of 8133?
8
What is the units digit of 39505?
5
What is the tens digit of 683?
8
What is the tens digit of 1608?
0
What is the tens digit of 34827?
2
What is the tens digit of 9873?
7
What is the tens digit of 1496?
9
What is the hundreds digit of 3410?
4
What is the units digit of 7993?
3
What is the hundreds digit of 235?
2
What is the units digit of 255?
5
What is the tens digit of 8987?
8
What is the units digit of 1592?
2
What is the units digit of 752?
2
What is the thousands digit of 93437?
3
What is the hundreds digit of 177?
1
What is the hundreds digit of 19830?
8
What is the units digit of 6184?
4
What is the units digit of 118099?
9
What is the ten thousands digit of 71677?
7
What is the tens digit of 3354?
5
What is the units digit of 48368?
8
What is the hundreds digit of 155649?
6
What is the units digit of 1529?
9
What is the ten thousands digit of 50603?
5
What is the thousands digit of 1172?
1
What is the ten thousands digit of 11587?
1
What is the thousands digit of 3988?
3
What is the units digit of 3811?
1
What is the tens digit of 1235?
3
What is the hundreds digit of 1021?
0
What is the thousands digit of 6103?
6
What is the tens digit of 11203?
0
What is the thousands digit of 3905?
3
What is the units digit of 66519?
9
What is the hundreds digit of 631?
6
What is the units digit of 1948?
8
What is the hundreds digit of 726?
7
What is the tens digit of 86967?
6
What is the units digit of 1669?
9
What is the tens digit of 21773?
7
What is the ten thousands digit of 40673?
4
What is the thousands digit of 1119?
1
What is the units digit of 520?
0
What is the tens digit of 5152?
5
What is the tens digit of 594?
9
What is the tens digit of 12638?
3
What is the thousands digit of 9501?
9
What is the thousands digit of 2751?
2
What is the hundreds digit of 574?
5
What is the tens digit of 3719?
1
What is the thousands digit of 2915?
2
What is the thousands digit of 1016?
1
What is the tens digit of 43164?
6
What is the ten